r?
False
Is 1657 composite?
False
Is 90107 prime?
True
Is 843229 a composite number?
False
Is 8203 a prime number?
False
Is 16963 a composite number?
False
Is 5435 composite?
True
Is 64433 a prime number?
True
Is 1817741 prime?
False
Is 115293 a prime number?
False
Is 1776739 prime?
True
Is 3779 prime?
True
Is 33043 composite?
True
Is 917317 a prime number?
True
Is 20521 composite?
False
Is 51317 prime?
False
Is 59233 prime?
True
Is 2103 composite?
True
Is 54869 a prime number?
True
Is 50329 a composite number?
False
Is 3787 prime?
False
Is 5147 a composite number?
False
Is 31289 composite?
True
Is 133442 prime?
False
Is 12661 a prime number?
False
Is 4111 prime?
True
Is 60373 composite?
False
Is 273605 composite?
True
Is 7814 composite?
True
Is 7355 a prime number?
False
Is 812963 prime?
True
Is 2111 composite?
False
Is 387939 a composite number?
True
Is 42787 a composite number?
False
Is 180998 composite?
True
Is 117903 a prime number?
False
Is 3271 a composite number?
False
Is 1285 prime?
False
Is 26801 composite?
False
Is 25501 a prime number?
False
Is 231403 a composite number?
True
Is 9197 a prime number?
False
Is 645979 composite?
False
Is 2757 composite?
True
Is 31055 a composite number?
True
Is 127 composite?
False
Is 21727 prime?
True
Is 797 prime?
True
Is 11851 a composite number?
True
Is 661147 prime?
False
Is 13063 composite?
False
Is 6779 a prime number?
True
Is 113657 a prime number?
True
Is 1187003 prime?
True
Is 75289 prime?
True
Is 8939 prime?
False
Is 4861 a prime number?
True
Is 423707 a prime number?
True
Is 11141 a composite number?
True
Is 102911 a composite number?
False
Is 1031981 composite?
False
Is 2200303 a composite number?
True
Is 77131 composite?
True
Is 31013 a prime number?
True
Is 15089 a prime number?
False
Is 202595 a composite number?
True
Is 6581 composite?
False
Is 24627 a prime number?
False
Is 45841 a composite number?
False
Is 328511 a prime number?
True
Is 13579 a composite number?
True
Is 447637 a composite number?
False
Is 25969 a prime number?
True
Is 3983 composite?
True
Is 1987 composite?
False
Is 422711 a composite number?
False
Is 34183 prime?
True
Is 268123 prime?
True
Is 10061 composite?
False
Is 154097 a prime number?
True
Is 757 a prime number?
True
Is 609874 prime?
False
Is 153817 a prime number?
True
Is 55987 a prime number?
True
Is 62027 composite?
True
Is 1130729 composite?
True
Is 368837 prime?
False
Is 153817 a composite number?
False
Is 1895 prime?
False
Is 318457 a composite number?
False
Is 89035 composite?
True
Is 751 a prime number?
True
Is 11897 a prime number?
True
Is 26903 composite?
False
Is 29071 a prime number?
False
Is 42433 a prime number?
True
Is 144877 a composite number?
True
Is 44243 a prime number?
False
Is 497153 a composite number?
False
Is 75065 a composite number?
True
Is 213713 composite?
False
Is 32749 composite?
False
Is 2497 composite?
True
Is 933235 prime?
False
Is 30273 a prime number?
False
Is 11789 composite?
False
Is 2705 a composite number?
True
Is 2293 composite?
False
Is 25451 a prime number?
False
Is 480433 a prime number?
False
Is 6503 a composite number?
True
Is 28949 composite?
False
Is 4373 a composite number?
False
Is 13667 a prime number?
False
Is 8939 a prime number?
False
Is 18899 a prime number?
True
Is 76333 a prime number?
True
Is 20563 composite?
False
Is 369577 prime?
False
Is 20431 a composite number?
False
Is 12326 composite?
True
Is 676853 composite?
True
Is 3299 composite?
False
Is 504701 a prime number?
False
Is 28813 prime?
True
Is 113853 composite?
True
Is 7993 prime?
True
Is 1593067 a composite number?
True
Is 626887 a composite number?
False
Is 120541 a composite number?
True
Is 5167 prime?
True
Is 16837 composite?
True
Is 41641 prime?
True
Is 12773 composite?
True
Is 9143 a composite number?
True
Is 24439 a prime number?
True
Is 31829 a composite number?
True
Is 4177 composite?
False
Is 90677 composite?
False
Is 53569 a composite number?
False
Is 2027881 prime?
False
Is 283439 a prime number?
False
Is 146702 composite?
True
Is 333161 prime?
True
Is 37337 composite?
False
Is 475049 composite?
True
Is 3691 a prime number?
True
Is 25577 a prime number?
True
Is 3337 composite?
True
Is 3203 composite?
False
Is 43853 composite?
False
Is 75767 composite?
False
Is 557567 prime?
True
Is 11545 prime?
False
Is 88531 composite?
True
Is 799 prime?
False
Is 1465 composite?
True
Is 198805 prime?
False
Is 1215427 composite?
True
Is 397 prime?
True
Is 22367 prime?
True
Is 4859 composite?
True
Is 9961 composite?
True
Is 499289 a prime number?
False
Is 10347 prime?
False
Is 12895 composite?
True
Is 115631 composite?
False
Is 190579 a composite number?
False
Is 904871 prime?
False
Is 1361 a composite number?
False
Is 3163 a prime number?
True
Is 7069 composite?
False
Is 101627 a prime number?
True
Is 8251 composite?
True
Is 30703 a composite number?
False
Is 317171 a composite number?
False
Is 28213 a composite number?
True
Is 97841 a composite number?
False
Is 6637 prime?
True
Is 591 a composite number?
True
Is 225662 composite?
True
Is 844253 composite?
False
Is 1357333 prime?
True
Is 1850309 prime?
True
Is 645167 a composite number?
True
Is 13393 a prime number?
False
Is 4597 prime?
True
Is 6457 a composite number?
True
Is 299 composite?
True
Is 80849 prime?
True
Is 662567 composite?
False
Is 122431 composite?
True
Is 155867 a composite number?
True
Is 207661 a composite number?
False
Is 6103 prime?
False
Is 41281 composite?
False
Is 34753 a composite number?
True
Is 52251 composite?
True
Is 85009 a prime number?
True
Is 12049 prime?
True
Is 1098535 prime?
False
Is 52489 prime?
True
Is 233777 composite?
False
Is 428693 a composite number?
False
Is 178559 a prime number?
True
Is 585547 prime?
True
Is 16109 prime?
False
Is 119213 composite?
True
Is 12193 a composite number?
True
Is 474241 prime?
True
Is 526 a prime number?
False
Is 4111 composite?
False
Is 18053 composite?
True
Is 6521 composite?
False
Is 2081 composite?
False
Is 1174141 composite?
False
Is 17729 composite?
False
Is 319937 prime?
True
Is 3158229 a prime number?
False
Is 10219 a prime number?
False
Is 29123 a composite number?
False
Is 889 a composite number?
True
Is 75521 prime?
True
Is 37151 a composite number?
True
Is 61331 a prime number?
True
Is 23431 a prime number?
True
Is 28877 composite?
True
Is 11201 prime?
False
Is 94673 composite?
True
Is 814601 composite?
False
Is 36991 prime?
False
Is 346 composite?
True
Is 234145 a prime number?
False
Is 168167 a prime number?
False
Is 3327683 prime?
False
Is 38953 prime?
True
Is 600437 composite?
True
Is 3108781 prime?
False
Is 3611 a composite number?
True
Is 4621 composite?
False
Is 1173178 a composite number?
True
Is 5669 composite?
False
Is 2730599 a composite number?
False
Is 81589 prime?
False
Is 377873 a composite number?
False
Is 541885 a composite number?
True
Is 11371 composite?
True
Is 303671 a composite number?
True
Is 56837 prime?
False
Is 33997 composite?
False
Is 53 prime?
True
Is 14699 composite?
False
Is 15217 a composite number?
False
Is 29453 composite?
False
Is 50741 a composite number?
False
Is 71 composite?
False
Is 21401 composite?
False
Is 427213 a prime number?
True
Is 31087 a composite number?
True
Is 322397 composite?
False
Is 86951 a prime number?
True
Is 732766 composite?
True
Is 42323 a composite number?
False
Is 2255503 prime?
False
Is 11863 a composite number?
False
Is 12689 a composite number?
False
Is 362497 a prime number?
False
Is 17623 prime?
True
Is 101615 a prime number?
False
Is 50194 a prime number?
False
Is 118777 a composite number?
True
Is 67567 a prime number?
True
Is 728297 composite?
True
Is 57899 prime?
True
Is 89189 a prime number?
True
Is 49561 prime?
False
Is 156829 a composite number?
True
Is 270499 a composite number?
True
Is 2118549 a composite number?
True
Is 13994 a prime number?
False
Is 49557 a composite number?
True
Is 9173 prime?
True
Is 14501 composite?
True
Is 33206 composite?
True
Is 33431 a prime number?
False
Is 39499 a composite number?
False
Is 157 a prime number?
True
Is 353398 a composite number?
True
Is 604459 prime?
False
Is 6139 a prime number?
False
Is 226301 a composite number?
True
Is 261147 composite?
True
Is 2366885 a prime number?
False
Is 26651 comp